{"id":133,"date":"2023-04-02T07:04:51","date_gmt":"2023-04-02T07:04:51","guid":{"rendered":"http:\/\/tinutulneamtului.ro\/?page_id=133"},"modified":"2023-12-06T19:37:03","modified_gmt":"2023-12-06T19:37:03","slug":"aparitii-media","status":"publish","type":"page","link":"https:\/\/tinutulneamtului.ro\/index.php\/aparitii-media\/","title":{"rendered":"Aparitii media"},"content":{"rendered":"\n<p><a href=\"https:\/\/e-femeia.ro\/30-de-copii-din-comuna-balaceanca-judetul-ilfov-vor-lua-parte-la-cursuri-gratuite-de-canto-popular\/?fbclid=IwAR3ZXsqp_DRGG8xl6oBXj46QgV7_PC4WecuEVlMU4LiEPkREbEgUDN5M_aE\">30 de copii din comuna B\u0103l\u0103ceanca, jude\u021bul Ilfov, vor lua parte la cursuri gratuite de canto popular &#8211; e-femeia.ro<\/a><\/p>\n\n\n\n<figure class=\"wp-block-embed is-type-video is-provider-youtube wp-block-embed-youtube wp-embed-aspect-16-9 wp-has-aspect-ratio\"><div class=\"wp-block-embed__wrapper\">\n<iframe loading=\"lazy\" title=\"Invitati in emisiunea &quot;Dimineti cu Georgia&quot;\" width=\"640\" height=\"360\" src=\"https:\/\/www.youtube.com\/embed\/qTYgSN8xInw?feature=oembed\" frameborder=\"0\" allow=\"accelerometer; autoplay; clipboard-write; encrypted-media; gyroscope; picture-in-picture; web-share\" referrerpolicy=\"strict-origin-when-cross-origin\" allowfullscreen><\/iframe>\n<\/div><\/figure>\n\n\n\n<figure class=\"wp-block-embed is-type-video is-provider-youtube wp-block-embed-youtube wp-embed-aspect-16-9 wp-has-aspect-ratio\"><div class=\"wp-block-embed__wrapper\">\n<iframe loading=\"lazy\" title=\"Invitati la matinalul A7 tv pentru promovarea Festivalului concurs &quot;Radacini&quot;\" width=\"640\" height=\"360\" src=\"https:\/\/www.youtube.com\/embed\/isC5FqNxhIs?feature=oembed\" frameborder=\"0\" allow=\"accelerometer; autoplay; clipboard-write; encrypted-media; gyroscope; picture-in-picture; web-share\" referrerpolicy=\"strict-origin-when-cross-origin\" allowfullscreen><\/iframe>\n<\/div><\/figure>\n\n\n\n<p>Romanii au talent 2023<\/p>\n\n\n\n<figure class=\"wp-block-embed is-type-video is-provider-youtube wp-block-embed-youtube wp-embed-aspect-16-9 wp-has-aspect-ratio\"><div class=\"wp-block-embed__wrapper\">\n<iframe loading=\"lazy\" title=\"Rom\u00e2nii au talent 2023 | Grupul Tradi\u021bional \u201eR\u0103d\u0103cini\u201d a amintit de dragostea pentru folclor\" width=\"640\" height=\"360\" src=\"https:\/\/www.youtube.com\/embed\/uaSqtcEO_ck?feature=oembed\" frameborder=\"0\" allow=\"accelerometer; autoplay; clipboard-write; encrypted-media; gyroscope; picture-in-picture; web-share\" referrerpolicy=\"strict-origin-when-cross-origin\" allowfullscreen><\/iframe>\n<\/div><\/figure>\n\n\n\n<p>Emisiunea Hai sa ne distram, Inedit Tv<\/p>\n\n\n\n<figure class=\"wp-block-embed is-type-video is-provider-youtube wp-block-embed-youtube wp-embed-aspect-16-9 wp-has-aspect-ratio\"><div class=\"wp-block-embed__wrapper\">\n<iframe loading=\"lazy\" title=\"ANA RAMONA LAZA \u0218I GRUPUL TRADI\u021aIONAL \u201eR\u0102D\u0102CINI\u201dLA  EMISIUNEA HAI, S\u0102 NE DISTR\u0102M, ROM\u00c2NI! INEDIT TV\" width=\"640\" height=\"360\" src=\"https:\/\/www.youtube.com\/embed\/e7Ip2Ei83tk?feature=oembed\" frameborder=\"0\" allow=\"accelerometer; autoplay; clipboard-write; encrypted-media; gyroscope; picture-in-picture; web-share\" referrerpolicy=\"strict-origin-when-cross-origin\" allowfullscreen><\/iframe>\n<\/div><\/figure>\n\n\n\n<p>Favorit TV<\/p>\n\n\n\n<figure class=\"wp-block-embed is-type-video is-provider-youtube wp-block-embed-youtube wp-embed-aspect-16-9 wp-has-aspect-ratio\"><div class=\"wp-block-embed__wrapper\">\n<iframe loading=\"lazy\" title=\"Ramona Ana Urjan   Multe s relele pe lume\" width=\"640\" height=\"360\" src=\"https:\/\/www.youtube.com\/embed\/4c_LI89q3DM?feature=oembed\" frameborder=\"0\" allow=\"accelerometer; autoplay; clipboard-write; encrypted-media; gyroscope; picture-in-picture; web-share\" referrerpolicy=\"strict-origin-when-cross-origin\" allowfullscreen><\/iframe>\n<\/div><\/figure>\n\n\n\n<figure class=\"wp-block-embed is-type-video is-provider-youtube wp-block-embed-youtube wp-embed-aspect-16-9 wp-has-aspect-ratio\"><div class=\"wp-block-embed__wrapper\">\n<iframe loading=\"lazy\" title=\"Ramona Ana Urjan   Unde s\u0103 m\u0103 duc eu Doamne\" width=\"640\" height=\"360\" src=\"https:\/\/www.youtube.com\/embed\/0NJ-hqnQzug?feature=oembed\" frameborder=\"0\" allow=\"accelerometer; autoplay; clipboard-write; encrypted-media; gyroscope; picture-in-picture; web-share\" referrerpolicy=\"strict-origin-when-cross-origin\" allowfullscreen><\/iframe>\n<\/div><\/figure>\n\n\n\n<figure class=\"wp-block-embed is-type-video is-provider-youtube wp-block-embed-youtube wp-embed-aspect-16-9 wp-has-aspect-ratio\"><div class=\"wp-block-embed__wrapper\">\n<iframe loading=\"lazy\" title=\"Grupul vocal tradi\u0163ional R\u0103d\u0103cini  Colo n jos, spre rasarit\" width=\"640\" height=\"360\" src=\"https:\/\/www.youtube.com\/embed\/w0YzUHROtlU?feature=oembed\" frameborder=\"0\" allow=\"accelerometer; autoplay; clipboard-write; encrypted-media; gyroscope; picture-in-picture; web-share\" referrerpolicy=\"strict-origin-when-cross-origin\" allowfullscreen><\/iframe>\n<\/div><\/figure>\n\n\n\n<figure class=\"wp-block-embed is-type-video is-provider-youtube wp-block-embed-youtube wp-embed-aspect-16-9 wp-has-aspect-ratio\"><div class=\"wp-block-embed__wrapper\">\n<iframe loading=\"lazy\" title=\"Grupul vocal traditional Radacini   Cand Hristos cina la masa\" width=\"640\" height=\"360\" src=\"https:\/\/www.youtube.com\/embed\/OD0q222Sjmo?feature=oembed\" frameborder=\"0\" allow=\"accelerometer; autoplay; clipboard-write; encrypted-media; gyroscope; picture-in-picture; web-share\" referrerpolicy=\"strict-origin-when-cross-origin\" allowfullscreen><\/iframe>\n<\/div><\/figure>\n\n\n\n<figure class=\"wp-block-embed is-type-video is-provider-youtube wp-block-embed-youtube wp-embed-aspect-16-9 wp-has-aspect-ratio\"><div class=\"wp-block-embed__wrapper\">\n<iframe loading=\"lazy\" title=\"Grupul vocal traditional Radacini   Colo n josu i mai in jos\" width=\"640\" height=\"360\" src=\"https:\/\/www.youtube.com\/embed\/TSesjy1YEW8?feature=oembed\" frameborder=\"0\" allow=\"accelerometer; autoplay; clipboard-write; encrypted-media; gyroscope; picture-in-picture; web-share\" referrerpolicy=\"strict-origin-when-cross-origin\" allowfullscreen><\/iframe>\n<\/div><\/figure>\n\n\n\n<figure class=\"wp-block-embed is-type-video is-provider-youtube wp-block-embed-youtube wp-embed-aspect-16-9 wp-has-aspect-ratio\"><div class=\"wp-block-embed__wrapper\">\n<iframe loading=\"lazy\" title=\"Grupul vocal tradi\u0163ional R\u0103d\u0103cini   Oile mele\" width=\"640\" height=\"360\" src=\"https:\/\/www.youtube.com\/embed\/ENQUJeuUzH8?feature=oembed\" frameborder=\"0\" allow=\"accelerometer; autoplay; clipboard-write; encrypted-media; gyroscope; picture-in-picture; web-share\" referrerpolicy=\"strict-origin-when-cross-origin\" allowfullscreen><\/iframe>\n<\/div><\/figure>\n","protected":false},"excerpt":{"rendered":"<p>30 de copii din comuna B\u0103l\u0103ceanca, jude\u021bul Ilfov, vor lua parte la cursuri gratuite de canto popular &#8211; e-femeia.ro Romanii [&hellip;]<\/p>\n","protected":false},"author":1,"featured_media":0,"parent":0,"menu_order":0,"comment_status":"closed","ping_status":"closed","template":"","meta":{"_seopress_robots_primary_cat":"","_seopress_titles_title":"","_seopress_titles_desc":"","_seopress_robots_index":"","_monsterinsights_skip_tracking":false,"_monsterinsights_sitenote_active":false,"_monsterinsights_sitenote_note":"","_monsterinsights_sitenote_category":0,"footnotes":""},"class_list":["post-133","page","type-page","status-publish","hentry"],"_links":{"self":[{"href":"https:\/\/tinutulneamtului.ro\/index.php\/wp-json\/wp\/v2\/pages\/133","targetHints":{"allow":["GET"]}}],"collection":[{"href":"https:\/\/tinutulneamtului.ro\/index.php\/wp-json\/wp\/v2\/pages"}],"about":[{"href":"https:\/\/tinutulneamtului.ro\/index.php\/wp-json\/wp\/v2\/types\/page"}],"author":[{"embeddable":true,"href":"https:\/\/tinutulneamtului.ro\/index.php\/wp-json\/wp\/v2\/users\/1"}],"replies":[{"embeddable":true,"href":"https:\/\/tinutulneamtului.ro\/index.php\/wp-json\/wp\/v2\/comments?post=133"}],"version-history":[{"count":10,"href":"https:\/\/tinutulneamtului.ro\/index.php\/wp-json\/wp\/v2\/pages\/133\/revisions"}],"predecessor-version":[{"id":271,"href":"https:\/\/tinutulneamtului.ro\/index.php\/wp-json\/wp\/v2\/pages\/133\/revisions\/271"}],"wp:attachment":[{"href":"https:\/\/tinutulneamtului.ro\/index.php\/wp-json\/wp\/v2\/media?parent=133"}],"curies":[{"name":"wp","href":"https:\/\/api.w.org\/{rel}","templated":true}]}}

<p><a href="https://e-femeia.ro/30-de-copii-din-comuna-balaceanca-judetul-ilfov-vor-lua-parte-la-cursuri-gratuite-de-canto-popular/?fbclid=IwAR3ZXsqp_DRGG8xl6oBXj46QgV7_PC4WecuEVlMU4LiEPkREbEgUDN5M_aE">30 de copii din comuna Bălăceanca, județul Ilfov, vor lua parte la cursuri gratuite de canto popular &#8211; e-femeia.ro</a></p>



<figure class="wp-block-embed is-type-video is-provider-youtube wp-block-embed-youtube wp-embed-aspect-16-9 wp-has-aspect-ratio"><div class="wp-block-embed__wrapper">
<iframe loading="lazy" title="Invitati in emisiunea &quot;Dimineti cu Georgia&quot;" width="640" height="360" src="https://www.youtube.com/embed/qTYgSN8xInw?feature=oembed" frameborder="0" allow="accelerometer; autoplay; clipboard-write; encrypted-media; gyroscope; picture-in-picture; web-share" referrerpolicy="strict-origin-when-cross-origin" allowfullscreen></iframe>
</div></figure>



<figure class="wp-block-embed is-type-video is-provider-youtube wp-block-embed-youtube wp-embed-aspect-16-9 wp-has-aspect-ratio"><div class="wp-block-embed__wrapper">
<iframe loading="lazy" title="Invitati la matinalul A7 tv pentru promovarea Festivalului concurs &quot;Radacini&quot;" width="640" height="360" src="https://www.youtube.com/embed/isC5FqNxhIs?feature=oembed" frameborder="0" allow="accelerometer; autoplay; clipboard-write; encrypted-media; gyroscope; picture-in-picture; web-share" referrerpolicy="strict-origin-when-cross-origin" allowfullscreen></iframe>
</div></figure>



<p>Romanii au talent 2023</p>



<figure class="wp-block-embed is-type-video is-provider-youtube wp-block-embed-youtube wp-embed-aspect-16-9 wp-has-aspect-ratio"><div class="wp-block-embed__wrapper">
<iframe loading="lazy" title="Românii au talent 2023 | Grupul Tradițional „Rădăcini” a amintit de dragostea pentru folclor" width="640" height="360" src="https://www.youtube.com/embed/uaSqtcEO_ck?feature=oembed" frameborder="0" allow="accelerometer; autoplay; clipboard-write; encrypted-media; gyroscope; picture-in-picture; web-share" referrerpolicy="strict-origin-when-cross-origin" allowfullscreen></iframe>
</div></figure>



<p>Emisiunea Hai sa ne distram, Inedit Tv</p>



<figure class="wp-block-embed is-type-video is-provider-youtube wp-block-embed-youtube wp-embed-aspect-16-9 wp-has-aspect-ratio"><div class="wp-block-embed__wrapper">
<iframe loading="lazy" title="ANA RAMONA LAZA ȘI GRUPUL TRADIȚIONAL „RĂDĂCINI”LA  EMISIUNEA HAI, SĂ NE DISTRĂM, ROMÂNI! INEDIT TV" width="640" height="360" src="https://www.youtube.com/embed/e7Ip2Ei83tk?feature=oembed" frameborder="0" allow="accelerometer; autoplay; clipboard-write; encrypted-media; gyroscope; picture-in-picture; web-share" referrerpolicy="strict-origin-when-cross-origin" allowfullscreen></iframe>
</div></figure>



<p>Favorit TV</p>



<figure class="wp-block-embed is-type-video is-provider-youtube wp-block-embed-youtube wp-embed-aspect-16-9 wp-has-aspect-ratio"><div class="wp-block-embed__wrapper">
<iframe loading="lazy" title="Ramona Ana Urjan   Multe s relele pe lume" width="640" height="360" src="https://www.youtube.com/embed/4c_LI89q3DM?feature=oembed" frameborder="0" allow="accelerometer; autoplay; clipboard-write; encrypted-media; gyroscope; picture-in-picture; web-share" referrerpolicy="strict-origin-when-cross-origin" allowfullscreen></iframe>
</div></figure>



<figure class="wp-block-embed is-type-video is-provider-youtube wp-block-embed-youtube wp-embed-aspect-16-9 wp-has-aspect-ratio"><div class="wp-block-embed__wrapper">
<iframe loading="lazy" title="Ramona Ana Urjan   Unde să mă duc eu Doamne" width="640" height="360" src="https://www.youtube.com/embed/0NJ-hqnQzug?feature=oembed" frameborder="0" allow="accelerometer; autoplay; clipboard-write; encrypted-media; gyroscope; picture-in-picture; web-share" referrerpolicy="strict-origin-when-cross-origin" allowfullscreen></iframe>
</div></figure>



<figure class="wp-block-embed is-type-video is-provider-youtube wp-block-embed-youtube wp-embed-aspect-16-9 wp-has-aspect-ratio"><div class="wp-block-embed__wrapper">
<iframe loading="lazy" title="Grupul vocal tradiţional Rădăcini  Colo n jos, spre rasarit" width="640" height="360" src="https://www.youtube.com/embed/w0YzUHROtlU?feature=oembed" frameborder="0" allow="accelerometer; autoplay; clipboard-write; encrypted-media; gyroscope; picture-in-picture; web-share" referrerpolicy="strict-origin-when-cross-origin" allowfullscreen></iframe>
</div></figure>



<figure class="wp-block-embed is-type-video is-provider-youtube wp-block-embed-youtube wp-embed-aspect-16-9 wp-has-aspect-ratio"><div class="wp-block-embed__wrapper">
<iframe loading="lazy" title="Grupul vocal traditional Radacini   Cand Hristos cina la masa" width="640" height="360" src="https://www.youtube.com/embed/OD0q222Sjmo?feature=oembed" frameborder="0" allow="accelerometer; autoplay; clipboard-write; encrypted-media; gyroscope; picture-in-picture; web-share" referrerpolicy="strict-origin-when-cross-origin" allowfullscreen></iframe>
</div></figure>



<figure class="wp-block-embed is-type-video is-provider-youtube wp-block-embed-youtube wp-embed-aspect-16-9 wp-has-aspect-ratio"><div class="wp-block-embed__wrapper">
<iframe loading="lazy" title="Grupul vocal traditional Radacini   Colo n josu i mai in jos" width="640" height="360" src="https://www.youtube.com/embed/TSesjy1YEW8?feature=oembed" frameborder="0" allow="accelerometer; autoplay; clipboard-write; encrypted-media; gyroscope; picture-in-picture; web-share" referrerpolicy="strict-origin-when-cross-origin" allowfullscreen></iframe>
</div></figure>



<figure class="wp-block-embed is-type-video is-provider-youtube wp-block-embed-youtube wp-embed-aspect-16-9 wp-has-aspect-ratio"><div class="wp-block-embed__wrapper">
<iframe loading="lazy" title="Grupul vocal tradiţional Rădăcini   Oile mele" width="640" height="360" src="https://www.youtube.com/embed/ENQUJeuUzH8?feature=oembed" frameborder="0" allow="accelerometer; autoplay; clipboard-write; encrypted-media; gyroscope; picture-in-picture; web-share" referrerpolicy="strict-origin-when-cross-origin" allowfullscreen></iframe>
</div></figure>

<p>30 de copii din comuna Bălăceanca, județul Ilfov, vor lua parte la cursuri gratuite de canto popular &#8211; e-femeia.ro Romanii [&hellip;]</p>
